of 23110?
1
What is the ten thousands digit of 36276?
3
What is the hundreds digit of 5729?
7
What is the tens digit of 3675?
7
What is the thousands digit of 1443?
1
What is the tens digit of 913?
1
What is the units digit of 138?
8
What is the ten thousands digit of 23665?
2
What is the thousands digit of 29780?
9
What is the units digit of 729?
9
What is the tens digit of 1547?
4
What is the tens digit of 409?
0
What is the ten thousands digit of 30331?
3
What is the ten thousands digit of 78778?
7
What is the hundreds digit of 117?
1
What is the units digit of 2664?
4
What is the hundreds digit of 4293?
2
What is the thousands digit of 5211?
5
What is the tens digit of 655?
5
What is the thousands digit of 1950?
1
What is the tens digit of 523?
2
What is the thousands digit of 1773?
1
What is the hundreds digit of 20388?
3
What is the tens digit of 15717?
1
What is the tens digit of 598?
9
What is the hundreds digit of 972?
9
What is the units digit of 1662?
2
What is the thousands digit of 8077?
8
What is the hundreds digit of 85739?
7
What is the hundreds digit of 11377?
3
What is the units digit of 15074?
4
What is the units digit of 1380?
0
What is the tens digit of 25498?
9
What is the tens digit of 2607?
0
What is the thousands digit of 13446?
3
What is the thousands digit of 3757?
3
What is the hundreds digit of 10322?
3
What is the units digit of 2140?
0
What is the hundreds digit of 1351?
3
What is the hundreds digit of 254?
2
What is the units digit of 27449?
9
What is the units digit of 206?
6
What is the ten thousands digit of 26949?
2
What is the tens digit of 412?
1
What is the hundreds digit of 649?
6
What is the tens digit of 2875?
7
What is the ten thousands digit of 97391?
9
What is the tens digit of 24?
2
What is the ten thousands digit of 28841?
2
What is the units digit of 70443?
3
What is the hundreds digit of 93197?
1
What is the units digit of 890?
0
What is the hundreds digit of 3669?
6
What is the units digit of 655?
5
What is the hundreds digit of 21646?
6
What is the hundreds digit of 3599?
5
What is the tens digit of 548?
4
What is the hundreds digit of 145?
1
What is the tens digit of 3228?
2
What is the tens digit of 21099?
9
What is the units digit of 2158?
8
What is the thousands digit of 8809?
8
What is the units digit of 1187?
7
What is the hundreds digit of 30626?
6
What is the hundreds digit of 1782?
7
What is the tens digit of 1855?
5
What is the tens digit of 1429?
2
What is the ten thousands digit of 113659?
1
What is the hundreds digit of 2837?
8
What is the units digit of 7192?
2
What is the hundreds digit of 13060?
0
What is the thousands digit of 2868?
2
What is the thousands digit of 49664?
9
What is the hundreds digit of 18104?
1
What is the hundreds digit of 1611?
6
What is the thousands digit of 4217?
4
What is the ten thousands digit of 57566?
5
What is the ten thousands digit of 37239?
3
What is the hundreds digit of 11684?
6
What is the tens digit of 371?
7
What is the tens digit of 864?
6
What is the thousands digit of 2544?
2
What is the units digit of 5483?
3
What is the thousands digit of 4027?
4
What is the units digit of 2885?
5
What is the units digit of 2490?
0
What is the thousands digit of 2074?
2
What is the tens digit of 2683?
8
What is the hundreds digit of 4224?
2
What is the thousands digit of 3553?
3
What is the units digit of 1836?
6
What is the hundreds digit of 55193?
1
What is the hundreds digit of 5278?
2
What is the thousands digit of 26568?
6
What is the tens digit of 464?
6
What is the hundreds digit of 88137?
1
What is the hundreds digit of 1495?
4
What is the hundreds digit of 36096?
0
What is the thousands digit of 24464?
4
What is the hundreds digit of 161?
1
What is the ten thousands digit of 32953?
3
What is the ten thousands digit of 22503?
2
What is the hundreds digit of 1085?
0
What is the tens digit of 4983?
8
What is the hundreds digit of 684?
6
What is the hundreds digit of 24517?
5
What is the tens digit of 6810?
1
What is the hundreds digit of 4012?
0
What is the hundreds digit of 6126?
1
What is the ten thousands digit of 142217?
4
What is the hundreds digit of 19452?
4
What is the units digit of 55034?
4
What is the thousands digit of 15253?
5
What is the tens digit of 1602?
0
What is the tens digit of 1762?
6
What is the tens digit of 1513?
1
What is the tens digit of 127238?
3
What is the units digit of 3123?
3
What is the units digit of 1040?
0
What is the hundreds digit of 56750?
7
What is the tens digit of 71074?
7
What is the hundreds digit of 1798?
7
What is the hundreds digit of 908?
9
What is the hundreds digit of 4973?
9
What is the hundreds digit of 25436?
4
What is the hundreds digit of 5907?
9
What is the units digit of 8344?
4
What is the units digit of 3110?
0
What is the thousands digit of 3271?
3
What is the hundreds digit of 16099?
0
What is the tens digit of 1396?
9
What is the ten thousands digit of 27587?
2
What is the thousands digit of 63613?
3
What is the thousands digit of 14841?
4
What is the tens digit of 700?
0
What is the thousands digit of 75526?
5
What is the ten thousands digit of 17199?
1
What is the thousands digit of 1811?
1
What is the ten thousands digit of 14933?
1
What is the units digit of 562?
2
What is the ten thousands digit of 119644?
1
What is the units digit of 796?
6
What is the units digit of 46460?
0
What is the tens digit of 16605?
0
What is the tens digit of 3636?
3
What is the ten thousands digit of 19158?
1
What is the hundreds digit of 462?
4
What is the tens digit of 8125?
2
What is the thousands digit of 1311?
1
What is the thousands digit of 187827?
7
What is the tens digit of 5877?
7
What is the hundreds digit of 7847?
8
What is the units digit of 700?
0
What is the units digit of 28989?
9
What is the hundreds digit of 36433?
4
What is the tens digit of 45?
4
What is the thousands digit of 1202?
1
What is the units digit of 75368?
8
What is the tens digit of 30711?
1
What is the units digit of 14166?
6
What is the tens digit of 2283?
8
What is the thousands digit of 71279?
1
What is the hundreds digit of 982?
9
What is the thousands digit of 10233?
0
What is the units digit of 814?
4
What is the units digit of 411?
1
What is the tens digit of 9045?
4
What is the units digit of 47121?
1
What is the tens digit of 127998?
9
What is the tens digit of 2282?
8
What is the units digit of 169?
9
What is the units digit of 2904?
4
What is the thousands digit of 14539?
4
What is the thousands digit of 17466?
7
What is the units digit of 1118?
8
What is the thousands digit of 9702?
9
What is the hundreds digit of 15038?
0
What is the units digit of 1190?
0
What is the tens digit of 13506?
0
What is the thousands digit of 2887?
2
What is the tens digit of 23385?
8
What is the thousands digit of 43105?
3
What is the thousands digit of 3145?
3
What is the hundreds digit of 1512?
5
What is the units digit of 8805?
5
What is the units digit of 32894?
4
What is the hundreds digit of 10420?
4
What is the units digit of 367?
7
What is the tens digit of 3702?
0
What is the thousands digit of 1405?
1
What is the thousands digit of 1544?
1
What is the hundreds digit of 11205?
2
What is the thousands digit of 1198?
1
What is the hundreds digit of 86123?
1
What is the thousands digit of 20012?
0
What is the thousands digit of 1454?
1
What is the hundreds digit of 19164?
1
What is the ten thousands digit of 38812?
3
What is the hundreds digit of 620?
6
What is the ten thousands digit of 74150?
7
What is the units digit of 5197?
7
What is the tens digit of 6835?
3
What is the units digit of 460?
0
What is the thousands digit of 53942?
3
What is the hundreds digit of 72448?
4
What is the tens digit of 243?
4
What is the hundreds digit of 941?
9
What is the tens digit of 45?
4
What is the ten thousands digit of 67301?
6
What is the hundreds digit of 975?
9
What is the thousands digit of 27722?
7
What is the tens digit of 1372?
7
What is the tens digit of 5885?
8
What is the tens digit of 133925?
2
What is the units digit of 2316?
6
What is the thousands digit of 30041?
0
What is the units digit of 1682?
2
What is the thousands digit of 55793?
5
What is the hundreds digit of 5935?
9
What is the tens digit of 272?
7
W